Last updated on 2020-12-04 00:48:34 CET.
Flavor | Version | Tinstall | Tcheck | Ttotal | Status | Flags |
---|---|---|---|---|---|---|
r-devel-linux-x86_64-debian-clang | 1.8.0 | 18.86 | 207.95 | 226.81 | OK | |
r-devel-linux-x86_64-debian-gcc | 1.8.0 | 15.93 | 169.94 | 185.87 | OK | |
r-devel-linux-x86_64-fedora-clang | 1.8.0 | 286.29 | NOTE | |||
r-devel-linux-x86_64-fedora-gcc | 1.8.0 | 282.18 | NOTE | |||
r-devel-windows-ix86+x86_64 | 1.8.0 | 38.00 | 262.00 | 300.00 | OK | |
r-patched-linux-x86_64 | 1.8.0 | 18.07 | 206.95 | 225.02 | OK | |
r-patched-solaris-x86 | 1.8.0 | 432.90 | NOTE | |||
r-release-linux-x86_64 | 1.8.0 | 18.24 | 202.32 | 220.56 | OK | |
r-release-macos-x86_64 | 1.8.0 | NOTE | ||||
r-release-windows-ix86+x86_64 | 1.8.0 | 28.00 | 288.00 | 316.00 | OK | |
r-oldrel-macos-x86_64 | 1.8.0 | NOTE | ||||
r-oldrel-windows-ix86+x86_64 | 1.8.0 | 29.00 | 303.00 | 332.00 | OK |
Version: 1.8.0
Check: package dependencies
Result: NOTE
Imports includes 25 non-default packages.
Importing from so many packages makes the package vulnerable to any of
them becoming unavailable. Move as many as possible to Suggests and
use conditionally.
Flavor: r-devel-linux-x86_64-fedora-clang
Version: 1.8.0
Check: dependencies in R code
Result: NOTE
Namespace in Imports field not imported from: ‘foreach’
All declared Imports should be used.
Flavors: r-devel-linux-x86_64-fedora-clang, r-devel-linux-x86_64-fedora-gcc, r-patched-solaris-x86, r-release-macos-x86_64, r-oldrel-macos-x86_64