CRAN Package Check Results for Package spaero

Last updated on 2020-12-04 00:48:34 CET.

Flavor Version Tinstall Tcheck Ttotal Status Flags
r-devel-linux-x86_64-debian-clang 0.6.0 2.24 63.16 65.40 OK
r-devel-linux-x86_64-debian-gcc 0.6.0 1.76 50.00 51.76 OK
r-devel-linux-x86_64-fedora-clang 0.6.0 83.32 NOTE
r-devel-linux-x86_64-fedora-gcc 0.6.0 82.01 NOTE
r-devel-windows-ix86+x86_64 0.6.0 6.00 81.00 87.00 OK
r-patched-linux-x86_64 0.6.0 2.47 60.54 63.01 OK
r-patched-solaris-x86 0.6.0 129.50 NOTE
r-release-linux-x86_64 0.6.0 2.34 61.95 64.29 OK
r-release-macos-x86_64 0.6.0 NOTE
r-release-windows-ix86+x86_64 0.6.0 4.00 89.00 93.00 OK
r-oldrel-macos-x86_64 0.6.0 NOTE
r-oldrel-windows-ix86+x86_64 0.6.0 3.00 97.00 100.00 OK

Check Details

Version: 0.6.0
Check: dependencies in R code
Result: NOTE
    Namespace in Imports field not imported from: ‘utils’
     All declared Imports should be used.
Flavors: r-devel-linux-x86_64-fedora-clang, r-devel-linux-x86_64-fedora-gcc, r-patched-solaris-x86, r-release-macos-x86_64, r-oldrel-macos-x86_64