Last updated on 2020-12-04 00:48:34 CET.
Flavor | Version | Tinstall | Tcheck | Ttotal | Status | Flags |
---|---|---|---|---|---|---|
r-devel-linux-x86_64-debian-clang | 3.5.0 | 182.38 | 252.24 | 434.62 | OK | |
r-devel-linux-x86_64-debian-gcc | 3.5.0 | 142.34 | 188.56 | 330.90 | OK | |
r-devel-linux-x86_64-fedora-clang | 3.5.0 | 541.09 | NOTE | |||
r-devel-linux-x86_64-fedora-gcc | 3.5.0 | 524.41 | OK | |||
r-devel-windows-ix86+x86_64 | 3.5.0 | 344.00 | 274.00 | 618.00 | NOTE | |
r-patched-linux-x86_64 | 3.5.0 | 154.09 | 233.62 | 387.71 | OK | |
r-patched-solaris-x86 | 3.5.0 | 503.40 | OK | |||
r-release-linux-x86_64 | 3.5.0 | 159.29 | 230.24 | 389.53 | OK | |
r-release-macos-x86_64 | 3.5.0 | NOTE | ||||
r-release-windows-ix86+x86_64 | 3.5.0 | 247.00 | 314.00 | 561.00 | NOTE | |
r-oldrel-macos-x86_64 | 3.5.0 | NOTE | ||||
r-oldrel-windows-ix86+x86_64 | 3.5.0 | 247.00 | 316.00 | 563.00 | OK |
Version: 3.5.0
Check: installed package size
Result: NOTE
installed size is 37.1Mb
sub-directories of 1Mb or more:
R 1.7Mb
libs 34.5Mb
Flavors: r-devel-linux-x86_64-fedora-clang, r-devel-windows-ix86+x86_64, r-release-macos-x86_64, r-release-windows-ix86+x86_64, r-oldrel-macos-x86_64