CRAN Package Check Results for Package spBFA

Last updated on 2020-12-04 00:48:35 CET.

Flavor Version Tinstall Tcheck Ttotal Status Flags
r-devel-linux-x86_64-debian-clang 1.0 250.61 82.88 333.49 OK
r-devel-linux-x86_64-debian-gcc 1.0 163.85 67.10 230.95 OK
r-devel-linux-x86_64-fedora-clang 1.0 459.80 NOTE
r-devel-linux-x86_64-fedora-gcc 1.0 416.04 OK
r-devel-windows-ix86+x86_64 1.0 574.00 119.00 693.00 NOTE
r-patched-linux-x86_64 1.0 190.04 79.61 269.65 OK
r-patched-solaris-x86 1.0 376.70 NOTE
r-release-linux-x86_64 1.0 200.14 76.79 276.93 OK
r-release-macos-x86_64 1.0 NOTE
r-release-windows-ix86+x86_64 1.0 418.00 141.00 559.00 NOTE
r-oldrel-macos-x86_64 1.0 NOTE
r-oldrel-windows-ix86+x86_64 1.0 443.00 135.00 578.00 NOTE

Check Details

Version: 1.0
Check: installed package size
Result: NOTE
     installed size is 17.3Mb
     sub-directories of 1Mb or more:
     data 5.6Mb
     libs 11.1Mb
Flavors: r-devel-linux-x86_64-fedora-clang, r-devel-windows-ix86+x86_64, r-patched-solaris-x86, r-release-macos-x86_64, r-release-windows-ix86+x86_64, r-oldrel-macos-x86_64, r-oldrel-windows-ix86+x86_64