Last updated on 2020-12-04 00:48:34 CET.
Flavor | Version | Tinstall | Tcheck | Ttotal | Status | Flags |
---|---|---|---|---|---|---|
r-devel-linux-x86_64-debian-clang | 1.0.0 | 11.28 | 72.39 | 83.67 | OK | |
r-devel-linux-x86_64-debian-gcc | 1.0.0 | 8.29 | 63.19 | 71.48 | OK | |
r-devel-linux-x86_64-fedora-clang | 1.0.0 | 104.16 | OK | |||
r-devel-linux-x86_64-fedora-gcc | 1.0.0 | 98.35 | OK | |||
r-devel-windows-ix86+x86_64 | 1.0.0 | 19.00 | 69.00 | 88.00 | OK | |
r-patched-linux-x86_64 | 1.0.0 | 10.70 | 68.31 | 79.01 | OK | |
r-patched-solaris-x86 | 1.0.0 | 144.80 | OK | |||
r-release-linux-x86_64 | 1.0.0 | 8.81 | 73.77 | 82.58 | OK | |
r-release-macos-x86_64 | 1.0.0 | OK | ||||
r-release-windows-ix86+x86_64 | 1.0.0 | 15.00 | 85.00 | 100.00 | OK | |
r-oldrel-macos-x86_64 | 1.0.0 | FAIL | ||||
r-oldrel-windows-ix86+x86_64 | 1.0.0 | 13.00 | 79.00 | 92.00 | OK |
Version: 1.0.0
Check: whether package can be installed
Result: FAIL
Flavor: r-oldrel-macos-x86_64