Last updated on 2020-12-04 00:48:34 CET.
Flavor | Version | Tinstall | Tcheck | Ttotal | Status | Flags |
---|---|---|---|---|---|---|
r-devel-linux-x86_64-debian-clang | 1.1.1 | 2.28 | 23.05 | 25.33 | NOTE | |
r-devel-linux-x86_64-debian-gcc | 1.1.1 | 1.93 | 21.04 | 22.97 | NOTE | |
r-devel-linux-x86_64-fedora-clang | 1.1.1 | 34.27 | NOTE | |||
r-devel-linux-x86_64-fedora-gcc | 1.1.1 | 24.60 | NOTE | |||
r-devel-windows-ix86+x86_64 | 1.1.1 | 4.00 | 25.00 | 29.00 | NOTE | |
r-patched-linux-x86_64 | 1.1.1 | 2.33 | 20.66 | 22.99 | NOTE | |
r-patched-solaris-x86 | 1.1.1 | 39.80 | NOTE | |||
r-release-linux-x86_64 | 1.1.1 | 2.60 | 20.43 | 23.03 | NOTE | |
r-release-macos-x86_64 | 1.1.1 | NOTE | ||||
r-release-windows-ix86+x86_64 | 1.1.1 | 3.00 | 33.00 | 36.00 | NOTE | |
r-oldrel-macos-x86_64 | 1.1.1 | NOTE | ||||
r-oldrel-windows-ix86+x86_64 | 1.1.1 | 3.00 | 34.00 | 37.00 | NOTE |
Version: 1.1.1
Check: R code for possible problems
Result: NOTE
soma: no visible global function definition for 'runif'
Undefined global functions or variables:
runif
Consider adding
importFrom("stats", "runif")
to your NAMESPACE file.
Flavors: r-devel-linux-x86_64-debian-clang, r-devel-linux-x86_64-debian-gcc, r-devel-linux-x86_64-fedora-clang, r-devel-linux-x86_64-fedora-gcc, r-devel-windows-ix86+x86_64, r-patched-linux-x86_64, r-patched-solaris-x86, r-release-linux-x86_64, r-release-macos-x86_64, r-release-windows-ix86+x86_64
Version: 1.1.1
Check: R code for possible problems
Result: NOTE
plot.soma: no visible global function definition for ‘plot’
soma: no visible global function definition for ‘runif’
Undefined global functions or variables:
plot runif
Consider adding
importFrom("graphics", "plot")
importFrom("stats", "runif")
to your NAMESPACE file.
Flavors: r-oldrel-macos-x86_64, r-oldrel-windows-ix86+x86_64