Last updated on 2020-12-04 00:48:34 CET.
Flavor | Version | Tinstall | Tcheck | Ttotal | Status | Flags |
---|---|---|---|---|---|---|
r-devel-linux-x86_64-debian-clang | 0.7.3 | 9.37 | 85.43 | 94.80 | OK | |
r-devel-linux-x86_64-debian-gcc | 0.7.3 | 6.23 | 66.31 | 72.54 | OK | |
r-devel-linux-x86_64-fedora-clang | 0.7.3 | 113.84 | NOTE | |||
r-devel-linux-x86_64-fedora-gcc | 0.7.3 | 103.98 | NOTE | |||
r-devel-windows-ix86+x86_64 | 0.7.3 | 17.00 | 81.00 | 98.00 | OK | |
r-patched-linux-x86_64 | 0.7.3 | 8.63 | 80.88 | 89.51 | OK | |
r-patched-solaris-x86 | 0.7.3 | 147.20 | NOTE | |||
r-release-linux-x86_64 | 0.7.3 | 7.46 | 80.40 | 87.86 | OK | |
r-release-macos-x86_64 | 0.7.3 | NOTE | ||||
r-release-windows-ix86+x86_64 | 0.7.3 | 11.00 | 100.00 | 111.00 | OK | |
r-oldrel-macos-x86_64 | 0.7.3 | NOTE | ||||
r-oldrel-windows-ix86+x86_64 | 0.7.3 | 24.00 | 109.00 | 133.00 | OK |
Version: 0.7.3
Check: data for non-ASCII characters
Result: NOTE
Note: found 833 marked UTF-8 strings
Flavors: r-devel-linux-x86_64-fedora-clang, r-devel-linux-x86_64-fedora-gcc, r-patched-solaris-x86, r-release-macos-x86_64, r-oldrel-macos-x86_64