CRAN Package Check Results for Package smooth

Last updated on 2020-12-04 00:48:34 CET.

Flavor Version Tinstall Tcheck Ttotal Status Flags
r-devel-linux-x86_64-debian-clang 2.6.0 160.62 580.37 740.99 OK
r-devel-linux-x86_64-debian-gcc 2.6.0 118.03 439.54 557.57 OK
r-devel-linux-x86_64-fedora-clang 2.6.0 973.50 NOTE
r-devel-linux-x86_64-fedora-gcc 2.6.0 947.84 OK
r-devel-windows-ix86+x86_64 2.6.0 355.00 418.00 773.00 NOTE --no-vignettes
r-patched-linux-x86_64 2.6.0 145.89 554.59 700.48 OK
r-patched-solaris-x86 2.6.0 973.50 NOTE
r-release-linux-x86_64 2.6.0 143.58 546.62 690.20 OK
r-release-macos-x86_64 2.6.0 NOTE
r-release-windows-ix86+x86_64 2.6.0 259.00 627.00 886.00 NOTE --no-vignettes
r-oldrel-macos-x86_64 2.6.0 NOTE
r-oldrel-windows-ix86+x86_64 2.6.0 293.00 575.00 868.00 NOTE --no-vignettes

Check Details

Version: 2.6.0
Check: installed package size
Result: NOTE
     installed size is 14.8Mb
     sub-directories of 1Mb or more:
     doc 2.5Mb
     libs 11.0Mb
Flavors: r-devel-linux-x86_64-fedora-clang, r-patched-solaris-x86, r-release-macos-x86_64, r-oldrel-macos-x86_64

Version: 2.6.0
Flags: --no-vignettes
Check: installed package size
Result: NOTE
     installed size is 6.9Mb
     sub-directories of 1Mb or more:
     doc 2.5Mb
     libs 3.1Mb
Flavors: r-devel-windows-ix86+x86_64, r-release-windows-ix86+x86_64, r-oldrel-windows-ix86+x86_64