Last updated on 2020-12-04 00:48:34 CET.
Flavor | Version | Tinstall | Tcheck | Ttotal | Status | Flags |
---|---|---|---|---|---|---|
r-devel-linux-x86_64-debian-clang | 0.1.0 | 9.74 | 74.54 | 84.28 | OK | |
r-devel-linux-x86_64-debian-gcc | 0.1.0 | 7.84 | 58.01 | 65.85 | OK | |
r-devel-linux-x86_64-fedora-clang | 0.1.0 | 108.17 | NOTE | |||
r-devel-linux-x86_64-fedora-gcc | 0.1.0 | 102.47 | NOTE | |||
r-devel-windows-ix86+x86_64 | 0.1.0 | 18.00 | 74.00 | 92.00 | OK | |
r-patched-linux-x86_64 | 0.1.0 | 9.34 | 74.47 | 83.81 | OK | |
r-patched-solaris-x86 | 0.1.0 | 143.20 | NOTE | |||
r-release-linux-x86_64 | 0.1.0 | 7.72 | 71.10 | 78.82 | OK | |
r-release-macos-x86_64 | 0.1.0 | NOTE | ||||
r-release-windows-ix86+x86_64 | 0.1.0 | 13.00 | 90.00 | 103.00 | OK | |
r-oldrel-macos-x86_64 | 0.1.0 | NOTE | ||||
r-oldrel-windows-ix86+x86_64 | 0.1.0 | 14.00 | 87.00 | 101.00 | OK |
Version: 0.1.0
Check: dependencies in R code
Result: NOTE
Namespace in Imports field not imported from: ‘viridisLite’
All declared Imports should be used.
Flavors: r-devel-linux-x86_64-fedora-clang, r-devel-linux-x86_64-fedora-gcc, r-patched-solaris-x86, r-release-macos-x86_64, r-oldrel-macos-x86_64