CRAN Package Check Results for Package skynet

Last updated on 2020-12-04 00:48:34 CET.

Flavor Version Tinstall Tcheck Ttotal Status Flags
r-devel-linux-x86_64-debian-clang 1.4.0 9.56 88.07 97.63 OK
r-devel-linux-x86_64-debian-gcc 1.4.0 9.08 65.74 74.82 OK
r-devel-linux-x86_64-fedora-clang 1.4.0 119.39 NOTE
r-devel-linux-x86_64-fedora-gcc 1.4.0 106.79 NOTE
r-devel-windows-ix86+x86_64 1.4.0 19.00 91.00 110.00 OK
r-patched-linux-x86_64 1.4.0 9.92 79.60 89.52 OK
r-patched-solaris-x86 1.4.0 154.80 NOTE
r-release-linux-x86_64 1.4.0 10.38 80.64 91.02 OK
r-release-macos-x86_64 1.4.0 NOTE
r-release-windows-ix86+x86_64 1.4.0 15.00 101.00 116.00 OK
r-oldrel-macos-x86_64 1.4.0 NOTE
r-oldrel-windows-ix86+x86_64 1.4.0 20.00 109.00 129.00 OK

Check Details

Version: 1.4.0
Check: dependencies in R code
Result: NOTE
    Namespace in Imports field not imported from: ‘maps’
     All declared Imports should be used.
Flavors: r-devel-linux-x86_64-fedora-clang, r-devel-linux-x86_64-fedora-gcc, r-patched-solaris-x86, r-release-macos-x86_64, r-oldrel-macos-x86_64