CRAN Package Check Results for Package skmeans

Last updated on 2020-12-04 00:48:34 CET.

Flavor Version Tinstall Tcheck Ttotal Status Flags
r-devel-linux-x86_64-debian-clang 0.2-12 3.48 35.99 39.47 NOTE
r-devel-linux-x86_64-debian-gcc 0.2-12 2.56 29.97 32.53 NOTE
r-devel-linux-x86_64-fedora-clang 0.2-13 53.54 NOTE
r-devel-linux-x86_64-fedora-gcc 0.2-13 44.46 NOTE
r-devel-windows-ix86+x86_64 0.2-12 6.00 42.00 48.00 NOTE
r-patched-linux-x86_64 0.2-12 3.12 35.01 38.13 NOTE
r-patched-solaris-x86 0.2-12 66.80 NOTE
r-release-linux-x86_64 0.2-12 3.07 35.60 38.67 NOTE
r-release-macos-x86_64 0.2-12 NOTE
r-release-windows-ix86+x86_64 0.2-12 6.00 50.00 56.00 NOTE
r-oldrel-macos-x86_64 0.2-12 NOTE
r-oldrel-windows-ix86+x86_64 0.2-12 5.00 49.00 54.00 NOTE

Check Details

Version: 0.2-12
Check: package dependencies
Result: NOTE
    Package which this enhances but not available for checking: 'kmndirs'
Flavors: r-devel-linux-x86_64-debian-clang, r-devel-linux-x86_64-debian-gcc, r-devel-windows-ix86+x86_64, r-patched-linux-x86_64, r-patched-solaris-x86, r-release-linux-x86_64, r-release-macos-x86_64, r-release-windows-ix86+x86_64, r-oldrel-macos-x86_64, r-oldrel-windows-ix86+x86_64

Version: 0.2-12
Check: dependencies in R code
Result: NOTE
    Unavailable namespace imported from by a ':::' call: 'kmndirs'
     See the note in ?`:::` about the use of this operator.
Flavors: r-devel-linux-x86_64-debian-clang, r-devel-linux-x86_64-debian-gcc, r-devel-windows-ix86+x86_64, r-patched-linux-x86_64, r-patched-solaris-x86, r-release-linux-x86_64, r-release-macos-x86_64, r-release-windows-ix86+x86_64, r-oldrel-macos-x86_64, r-oldrel-windows-ix86+x86_64

Version: 0.2-13
Check: package dependencies
Result: NOTE
    Package which this enhances but not available for checking: ‘kmndirs’
Flavors: r-devel-linux-x86_64-fedora-clang, r-devel-linux-x86_64-fedora-gcc

Version: 0.2-13
Check: dependencies in R code
Result: NOTE
    Unavailable namespace imported from by a ':::' call: ‘kmndirs’
     See the note in ?`:::` about the use of this operator.
Flavors: r-devel-linux-x86_64-fedora-clang, r-devel-linux-x86_64-fedora-gcc