CRAN Package Check Results for Package skedastic

Last updated on 2020-12-04 00:48:34 CET.

Flavor Version Tinstall Tcheck Ttotal Status Flags
r-devel-linux-x86_64-debian-clang 1.0.1 8.61 119.41 128.02 OK
r-devel-linux-x86_64-debian-gcc 1.0.1 6.63 89.21 95.84 OK
r-devel-linux-x86_64-fedora-clang 1.0.1 151.34 NOTE
r-devel-linux-x86_64-fedora-gcc 1.0.1 143.83 NOTE
r-devel-windows-ix86+x86_64 1.0.1 14.00 114.00 128.00 OK
r-patched-linux-x86_64 1.0.1 7.45 111.43 118.88 OK
r-patched-solaris-x86 1.0.1 209.80 NOTE
r-release-linux-x86_64 1.0.1 8.54 116.84 125.38 OK
r-release-macos-x86_64 1.0.1 NOTE
r-release-windows-ix86+x86_64 1.0.1 13.00 132.00 145.00 OK
r-oldrel-macos-x86_64 1.0.1 ERROR
r-oldrel-windows-ix86+x86_64 0.1.0 5.00 72.00 77.00 OK

Check Details

Version: 1.0.1
Check: dependencies in R code
Result: NOTE
    Namespaces in Imports field not imported from:
     ‘CompQuadForm’ ‘boot’ ‘dplyr’ ‘mvtnorm’ ‘qpdf’
     All declared Imports should be used.
Flavors: r-devel-linux-x86_64-fedora-clang, r-devel-linux-x86_64-fedora-gcc, r-patched-solaris-x86, r-release-macos-x86_64

Version: 1.0.1
Check: whether package can be installed
Result: ERROR
    Installation failed.
Flavor: r-oldrel-macos-x86_64