CRAN Package Check Results for Package sjstats

Last updated on 2020-12-04 00:48:34 CET.

Flavor Version Tinstall Tcheck Ttotal Status Flags
r-devel-linux-x86_64-debian-clang 0.18.0 17.50 156.95 174.45 OK
r-devel-linux-x86_64-debian-gcc 0.18.0 13.08 118.31 131.39 OK
r-devel-linux-x86_64-fedora-clang 0.18.0 211.46 NOTE
r-devel-linux-x86_64-fedora-gcc 0.18.0 205.76 OK
r-devel-windows-ix86+x86_64 0.18.0 38.00 152.00 190.00 OK
r-patched-linux-x86_64 0.18.0 17.91 144.72 162.63 OK
r-patched-solaris-x86 0.18.0 273.50 OK
r-release-linux-x86_64 0.18.0 15.83 144.76 160.59 OK
r-release-macos-x86_64 0.18.0 OK
r-release-windows-ix86+x86_64 0.18.0 24.00 166.00 190.00 OK
r-oldrel-macos-x86_64 0.18.0 OK
r-oldrel-windows-ix86+x86_64 0.18.0 27.00 179.00 206.00 OK

Check Details

Version: 0.18.0
Check: Rd cross-references
Result: NOTE
    Undeclared packages ‘tidyselect’, ‘tibble’ in Rd xrefs
Flavor: r-devel-linux-x86_64-fedora-clang