CRAN Package Check Results for Package sjPlot

Last updated on 2020-12-04 00:48:34 CET.

Flavor Version Tinstall Tcheck Ttotal Status Flags
r-devel-linux-x86_64-debian-clang 2.8.6 26.04 473.54 499.58 OK
r-devel-linux-x86_64-debian-gcc 2.8.6 20.85 346.28 367.13 OK
r-devel-linux-x86_64-fedora-clang 2.8.6 588.39 NOTE
r-devel-linux-x86_64-fedora-gcc 2.8.6 598.30 OK
r-devel-windows-ix86+x86_64 2.8.6 50.00 430.00 480.00 OK
r-patched-linux-x86_64 2.8.6 23.66 447.99 471.65 OK
r-patched-solaris-x86 2.8.6 697.30 OK
r-release-linux-x86_64 2.8.6 26.01 448.37 474.38 OK
r-release-macos-x86_64 2.8.6 OK
r-release-windows-ix86+x86_64 2.8.6 36.00 408.00 444.00 OK
r-oldrel-macos-x86_64 2.8.6 OK
r-oldrel-windows-ix86+x86_64 2.8.6 49.00 535.00 584.00 OK

Check Details

Version: 2.8.6
Check: Rd cross-references
Result: NOTE
    Undeclared packages ‘tidyselect’, ‘RColorBrewer’, ‘modelr’, ‘snakecase’ in Rd xrefs
Flavor: r-devel-linux-x86_64-fedora-clang