CRAN Package Check Results for Package siteymlgen

Last updated on 2020-12-04 00:48:34 CET.

Flavor Version Tinstall Tcheck Ttotal Status Flags
r-devel-linux-x86_64-debian-clang 1.0.0 3.08 27.51 30.59 OK
r-devel-linux-x86_64-debian-gcc 1.0.0 2.67 23.08 25.75 OK
r-devel-linux-x86_64-fedora-clang 1.0.0 42.37 NOTE
r-devel-linux-x86_64-fedora-gcc 1.0.0 33.22 NOTE
r-devel-windows-ix86+x86_64 1.0.0 6.00 33.00 39.00 OK
r-patched-linux-x86_64 1.0.0 3.21 26.40 29.61 OK
r-patched-solaris-x86 1.0.0 50.00 NOTE
r-release-linux-x86_64 1.0.0 2.80 27.66 30.46 OK
r-release-macos-x86_64 1.0.0 NOTE
r-release-windows-ix86+x86_64 1.0.0 5.00 39.00 44.00 OK
r-oldrel-macos-x86_64 1.0.0 NOTE
r-oldrel-windows-ix86+x86_64 1.0.0 4.00 41.00 45.00 OK

Check Details

Version: 1.0.0
Check: dependencies in R code
Result: NOTE
    Namespaces in Imports field not imported from:
     ‘data.table’ ‘dplyr’ ‘lubridate’ ‘rmarkdown’ ‘yaml’
     All declared Imports should be used.
Flavors: r-devel-linux-x86_64-fedora-clang, r-devel-linux-x86_64-fedora-gcc, r-patched-solaris-x86, r-release-macos-x86_64, r-oldrel-macos-x86_64