CRAN Package Check Results for Package sistec

Last updated on 2020-12-04 00:48:34 CET.

Flavor Version Tinstall Tcheck Ttotal Status Flags
r-devel-linux-x86_64-debian-clang 0.2.0 6.95 55.99 62.94 OK
r-devel-linux-x86_64-debian-gcc 0.2.0 5.91 40.74 46.65 OK
r-devel-linux-x86_64-fedora-clang 0.2.0 78.82 NOTE
r-devel-linux-x86_64-fedora-gcc 0.2.0 70.44 NOTE
r-devel-windows-ix86+x86_64 0.2.0 15.00 54.00 69.00 OK
r-patched-linux-x86_64 0.2.0 6.88 53.11 59.99 OK
r-patched-solaris-x86 0.2.0 99.10 NOTE
r-release-linux-x86_64 0.2.0 6.82 53.35 60.17 OK
r-release-macos-x86_64 0.2.0 NOTE
r-release-windows-ix86+x86_64 0.2.0 11.00 63.00 74.00 OK
r-oldrel-macos-x86_64 0.2.0 NOTE
r-oldrel-windows-ix86+x86_64 0.2.0 11.00 66.00 77.00 OK

Check Details

Version: 0.2.0
Check: dependencies in R code
Result: NOTE
    Namespace in Imports field not imported from: ‘stringi’
     All declared Imports should be used.
Flavors: r-devel-linux-x86_64-fedora-clang, r-devel-linux-x86_64-fedora-gcc, r-patched-solaris-x86, r-release-macos-x86_64

Version: 0.2.0
Check: dependencies in R code
Result: NOTE
    No protocol specified
    No protocol specified
    Namespace in Imports field not imported from: ‘stringi’
     All declared Imports should be used.
Flavor: r-oldrel-macos-x86_64