CRAN Package Check Results for Package sirt

Last updated on 2020-12-04 00:48:34 CET.

Flavor Version Tinstall Tcheck Ttotal Status Flags
r-devel-linux-x86_64-debian-clang 3.9-4 283.23 323.28 606.51 OK
r-devel-linux-x86_64-debian-gcc 3.9-4 195.22 242.67 437.89 OK
r-devel-linux-x86_64-fedora-clang 3.9-4 818.03 NOTE
r-devel-linux-x86_64-fedora-gcc 3.9-4 770.56 OK
r-devel-windows-ix86+x86_64 3.9-4 628.00 402.00 1030.00 NOTE
r-patched-linux-x86_64 3.9-4 225.62 303.74 529.36 OK
r-patched-solaris-x86 3.9-4 714.10 OK
r-release-linux-x86_64 3.9-4 231.67 304.05 535.72 OK
r-release-macos-x86_64 3.9-4 NOTE
r-release-windows-ix86+x86_64 3.9-4 455.00 436.00 891.00 NOTE
r-oldrel-macos-x86_64 3.9-4 NOTE
r-oldrel-windows-ix86+x86_64 3.9-4 476.00 461.00 937.00 NOTE

Check Details

Version: 3.9-4
Check: installed package size
Result: NOTE
     installed size is 12.1Mb
     sub-directories of 1Mb or more:
     R 1.9Mb
     libs 8.2Mb
Flavors: r-devel-linux-x86_64-fedora-clang, r-devel-windows-ix86+x86_64, r-release-macos-x86_64, r-release-windows-ix86+x86_64, r-oldrel-macos-x86_64, r-oldrel-windows-ix86+x86_64

Version: 3.9-4
Check: dependencies in R code
Result: NOTE
    No protocol specified
    No protocol specified
Flavor: r-oldrel-macos-x86_64