Last updated on 2020-12-04 00:48:34 CET.
Flavor | Version | Tinstall | Tcheck | Ttotal | Status | Flags |
---|---|---|---|---|---|---|
r-devel-linux-x86_64-debian-clang | 0.2.0 | 7.38 | 101.71 | 109.09 | OK | --no-vignettes |
r-devel-linux-x86_64-debian-gcc | 0.2.0 | 6.99 | 88.29 | 95.28 | OK | --no-vignettes |
r-devel-linux-x86_64-fedora-clang | 0.2.0 | 576.39 | OK | |||
r-devel-linux-x86_64-fedora-gcc | 0.2.0 | 611.97 | OK | |||
r-devel-windows-ix86+x86_64 | 0.2.0 | 13.00 | 103.00 | 116.00 | OK | --no-vignettes |
r-patched-linux-x86_64 | 0.2.0 | 7.60 | 100.12 | 107.72 | OK | --no-vignettes |
r-patched-solaris-x86 | 0.2.0 | 2308.80 | OK | |||
r-release-linux-x86_64 | 0.2.0 | 7.47 | 98.57 | 106.04 | OK | --no-vignettes |
r-release-macos-x86_64 | 0.2.0 | OK | ||||
r-release-windows-ix86+x86_64 | 0.2.0 | 10.00 | 138.00 | 148.00 | OK | --no-vignettes |
r-oldrel-macos-x86_64 | 0.2.0 | FAIL | ||||
r-oldrel-windows-ix86+x86_64 | 0.2.0 | 10.00 | 124.00 | 134.00 | OK | --no-vignettes |
Version: 0.2.0
Check: re-building of vignette outputs
Result: FAIL
Flavor: r-oldrel-macos-x86_64