Last updated on 2020-12-04 00:48:34 CET.
Flavor | Version | Tinstall | Tcheck | Ttotal | Status | Flags |
---|---|---|---|---|---|---|
r-devel-linux-x86_64-debian-clang | 0.1.1 | 497.95 | 120.56 | 618.51 | OK | |
r-devel-linux-x86_64-debian-gcc | 0.1.1 | 333.55 | 92.52 | 426.07 | OK | |
r-devel-linux-x86_64-fedora-clang | 0.1.1 | 895.81 | NOTE | |||
r-devel-linux-x86_64-fedora-gcc | 0.1.1 | 802.24 | OK | |||
r-devel-windows-ix86+x86_64 | 0.1.1 | 1143.00 | 171.00 | 1314.00 | NOTE | |
r-patched-linux-x86_64 | 0.1.1 | 390.11 | 115.29 | 505.40 | OK | |
r-patched-solaris-x86 | 0.1.1 | 633.80 | OK | |||
r-release-linux-x86_64 | 0.1.1 | 395.25 | 113.06 | 508.31 | OK | |
r-release-macos-x86_64 | 0.1.1 | NOTE | ||||
r-release-windows-ix86+x86_64 | 0.1.1 | 868.00 | 202.00 | 1070.00 | NOTE | |
r-oldrel-macos-x86_64 | 0.1.1 | NOTE | ||||
r-oldrel-windows-ix86+x86_64 | 0.1.1 | 895.00 | 208.00 | 1103.00 | NOTE |
Version: 0.1.1
Check: installed package size
Result: NOTE
installed size is 25.5Mb
sub-directories of 1Mb or more:
doc 2.1Mb
libs 22.3Mb
Flavors: r-devel-linux-x86_64-fedora-clang, r-devel-windows-ix86+x86_64, r-release-macos-x86_64, r-release-windows-ix86+x86_64, r-oldrel-macos-x86_64, r-oldrel-windows-ix86+x86_64