CRAN Package Check Results for Package simode

Last updated on 2020-12-04 00:48:34 CET.

Flavor Version Tinstall Tcheck Ttotal Status Flags
r-devel-linux-x86_64-debian-clang 1.2.0 6.89 246.14 253.03 OK
r-devel-linux-x86_64-debian-gcc 1.2.0 5.25 169.90 175.15 OK
r-devel-linux-x86_64-fedora-clang 1.2.0 285.86 NOTE
r-devel-linux-x86_64-fedora-gcc 1.2.0 283.11 NOTE
r-devel-windows-ix86+x86_64 1.2.0 11.00 218.00 229.00 OK
r-patched-linux-x86_64 1.2.0 5.65 229.20 234.85 OK
r-patched-solaris-x86 1.2.0 318.30 NOTE
r-release-linux-x86_64 1.2.0 5.25 230.70 235.95 OK
r-release-macos-x86_64 1.2.0 NOTE
r-release-windows-ix86+x86_64 1.2.0 7.00 218.00 225.00 OK
r-oldrel-macos-x86_64 1.2.0 NOTE
r-oldrel-windows-ix86+x86_64 1.2.0 7.00 285.00 292.00 OK

Check Details

Version: 1.2.0
Check: dependencies in R code
Result: NOTE
    Namespace in Imports field not imported from: ‘quadprog’
     All declared Imports should be used.
Flavors: r-devel-linux-x86_64-fedora-clang, r-devel-linux-x86_64-fedora-gcc, r-patched-solaris-x86, r-release-macos-x86_64, r-oldrel-macos-x86_64