CRAN Package Check Results for Package simhelpers

Last updated on 2020-12-04 00:48:34 CET.

Flavor Version Tinstall Tcheck Ttotal Status Flags
r-devel-linux-x86_64-debian-clang 0.1.0 5.64 137.44 143.08 OK
r-devel-linux-x86_64-debian-gcc 0.1.0 4.79 100.30 105.09 OK
r-devel-linux-x86_64-fedora-clang 0.1.0 168.75 NOTE
r-devel-linux-x86_64-fedora-gcc 0.1.0 162.75 NOTE
r-devel-windows-ix86+x86_64 0.1.0 11.00 198.00 209.00 OK
r-patched-linux-x86_64 0.1.0 5.45 135.29 140.74 OK
r-patched-solaris-x86 0.1.0 460.20 NOTE
r-release-linux-x86_64 0.1.0 5.62 134.55 140.17 OK
r-release-macos-x86_64 0.1.0 NOTE
r-release-windows-ix86+x86_64 0.1.0 9.00 187.00 196.00 OK
r-oldrel-macos-x86_64 0.1.0 NOTE
r-oldrel-windows-ix86+x86_64 0.1.0 7.00 250.00 257.00 OK

Check Details

Version: 0.1.0
Check: dependencies in R code
Result: NOTE
    Namespaces in Imports field not imported from:
     ‘future’ ‘magrittr’ ‘purrr’ ‘rlang’ ‘utils’
     All declared Imports should be used.
Flavors: r-devel-linux-x86_64-fedora-clang, r-devel-linux-x86_64-fedora-gcc, r-patched-solaris-x86, r-release-macos-x86_64, r-oldrel-macos-x86_64