CRAN Package Check Results for Package simfinapi

Last updated on 2020-12-04 00:48:34 CET.

Flavor Version Tinstall Tcheck Ttotal Status Flags
r-devel-linux-x86_64-debian-clang 0.1.0 3.81 39.54 43.35 OK
r-devel-linux-x86_64-debian-gcc 0.1.0 3.88 34.09 37.97 OK
r-devel-linux-x86_64-fedora-clang 0.1.0 58.07 OK
r-devel-linux-x86_64-fedora-gcc 0.1.0 48.80 OK
r-devel-windows-ix86+x86_64 0.1.0 9.00 43.00 52.00 OK
r-patched-linux-x86_64 0.1.0 4.57 38.69 43.26 OK
r-release-linux-x86_64 0.1.0 3.92 37.78 41.70 OK
r-release-macos-x86_64 0.1.0 OK
r-release-windows-ix86+x86_64 0.1.0 9.00 46.00 55.00 OK
r-oldrel-macos-x86_64 0.1.0 ERROR
r-oldrel-windows-ix86+x86_64 0.1.0 1.00 7.00 8.00 ERROR

Check Details

Version: 0.1.0
Check: package dependencies
Result: ERROR
    Package required and available but unsuitable version: ‘RcppSimdJson’
    
    See section ‘The DESCRIPTION file’ in the ‘Writing R Extensions’
    manual.
Flavor: r-oldrel-macos-x86_64

Version: 0.1.0
Check: package dependencies
Result: ERROR
    Package required but not available: 'RcppSimdJson'
    
    See section 'The DESCRIPTION file' in the 'Writing R Extensions'
    manual.
Flavor: r-oldrel-windows-ix86+x86_64