Last updated on 2020-12-04 00:48:34 CET.
Flavor | Version | Tinstall | Tcheck | Ttotal | Status | Flags |
---|---|---|---|---|---|---|
r-devel-linux-x86_64-debian-clang | 0.4 | 1.77 | 5.33 | 7.10 | ERROR | |
r-devel-linux-x86_64-debian-gcc | 0.4 | 4.81 | 61.21 | 66.02 | OK | |
r-devel-linux-x86_64-fedora-clang | 0.4 | 107.74 | OK | |||
r-devel-linux-x86_64-fedora-gcc | 0.4 | 98.92 | OK | |||
r-devel-windows-ix86+x86_64 | 0.4 | 10.00 | 77.00 | 87.00 | OK | |
r-patched-linux-x86_64 | 0.4 | 5.64 | 79.84 | 85.48 | OK | |
r-patched-solaris-x86 | 0.4 | 135.80 | NOTE | |||
r-release-linux-x86_64 | 0.4 | 4.79 | 73.37 | 78.16 | OK | |
r-release-macos-x86_64 | 0.4 | ERROR | ||||
r-release-windows-ix86+x86_64 | 0.4 | 8.00 | 99.00 | 107.00 | OK | |
r-oldrel-macos-x86_64 | 0.4 | WARN | ||||
r-oldrel-windows-ix86+x86_64 | 0.4 | 6.00 | 95.00 | 101.00 | OK |
Version: 0.4
Check: package dependencies
Result: ERROR
Package required but not available: 'qpgraph'
Packages suggested but not available for checking: 'clipper', 'topologyGSA'
See section 'The DESCRIPTION file' in the 'Writing R Extensions'
manual.
Flavors: r-devel-linux-x86_64-debian-clang, r-release-macos-x86_64
Version: 0.4
Check: installed package size
Result: NOTE
installed size is 5.1Mb
sub-directories of 1Mb or more:
data 2.0Mb
doc 2.7Mb
Flavor: r-patched-solaris-x86
Version: 0.4
Check: package dependencies
Result: NOTE
Package suggested but not available for checking: ‘topologyGSA’
Flavor: r-oldrel-macos-x86_64
Version: 0.4
Check: re-building of vignette outputs
Result: WARN
Error(s) in re-building vignettes:
...
--- re-building ‘simPATHy.Rmd’ using rmarkdown
Warning in engine$weave(file, quiet = quiet, encoding = enc) :
Pandoc (>= 1.12.3) and/or pandoc-citeproc not available. Falling back to R Markdown v1.
Quitting from lines 252-258 (simPATHy.Rmd)
Error: processing vignette 'simPATHy.Rmd' failed with diagnostics:
there is no package called 'topologyGSA'
--- failed re-building ‘simPATHy.Rmd’
SUMMARY: processing the following file failed:
‘simPATHy.Rmd’
Error: Vignette re-building failed.
Execution halted
Flavor: r-oldrel-macos-x86_64