Last updated on 2020-12-04 00:48:34 CET.
Flavor | Version | Tinstall | Tcheck | Ttotal | Status | Flags |
---|---|---|---|---|---|---|
r-devel-linux-x86_64-debian-clang | 3.0.5 | 7.51 | 48.90 | 56.41 | OK | |
r-devel-linux-x86_64-debian-gcc | 3.0.5 | 6.21 | 40.45 | 46.66 | OK | |
r-devel-linux-x86_64-fedora-clang | 3.0.5 | 77.89 | NOTE | |||
r-devel-linux-x86_64-fedora-gcc | 3.0.5 | 66.72 | OK | |||
r-devel-windows-ix86+x86_64 | 3.0.5 | 12.00 | 54.00 | 66.00 | NOTE | |
r-patched-linux-x86_64 | 3.0.5 | 6.86 | 47.37 | 54.23 | OK | |
r-patched-solaris-x86 | 3.0.5 | 102.00 | NOTE | |||
r-release-linux-x86_64 | 3.0.5 | 7.23 | 49.46 | 56.69 | OK | |
r-release-macos-x86_64 | 3.0.5 | NOTE | ||||
r-release-windows-ix86+x86_64 | 3.0.5 | 10.00 | 56.00 | 66.00 | NOTE | |
r-oldrel-macos-x86_64 | 3.0.5 | NOTE | ||||
r-oldrel-windows-ix86+x86_64 | 3.0.5 | 11.00 | 52.00 | 63.00 | NOTE |
Version: 3.0.5
Check: installed package size
Result: NOTE
installed size is 6.3Mb
sub-directories of 1Mb or more:
data 6.2Mb
Flavors: r-devel-linux-x86_64-fedora-clang, r-devel-windows-ix86+x86_64, r-patched-solaris-x86, r-release-macos-x86_64, r-release-windows-ix86+x86_64, r-oldrel-macos-x86_64, r-oldrel-windows-ix86+x86_64