CRAN Package Check Results for Package signnet

Last updated on 2020-12-04 00:48:34 CET.

Flavor Version Tinstall Tcheck Ttotal Status Flags
r-devel-linux-x86_64-debian-clang 0.7.0 92.76 122.44 215.20 OK
r-devel-linux-x86_64-debian-gcc 0.7.0 61.28 91.83 153.11 OK
r-devel-linux-x86_64-fedora-clang 0.7.0 279.36 NOTE
r-devel-linux-x86_64-fedora-gcc 0.7.0 258.66 OK
r-devel-windows-ix86+x86_64 0.7.0 209.00 157.00 366.00 OK
r-patched-linux-x86_64 0.7.0 69.79 114.04 183.83 OK
r-patched-solaris-x86 0.7.0 300.60 OK
r-release-linux-x86_64 0.7.0 71.03 115.48 186.51 OK
r-release-macos-x86_64 0.7.0 OK
r-release-windows-ix86+x86_64 0.7.0 149.00 153.00 302.00 OK
r-oldrel-macos-x86_64 0.7.0 OK
r-oldrel-windows-ix86+x86_64 0.7.0 153.00 197.00 350.00 OK

Check Details

Version: 0.7.0
Check: installed package size
Result: NOTE
     installed size is 5.1Mb
     sub-directories of 1Mb or more:
     libs 3.5Mb
Flavor: r-devel-linux-x86_64-fedora-clang