Last updated on 2020-12-04 00:48:34 CET.
Flavor | Version | Tinstall | Tcheck | Ttotal | Status | Flags |
---|---|---|---|---|---|---|
r-devel-linux-x86_64-debian-clang | 0.1.5 | 5.18 | 53.19 | 58.37 | OK | |
r-devel-linux-x86_64-debian-gcc | 0.1.5 | 4.61 | 43.65 | 48.26 | OK | |
r-devel-linux-x86_64-fedora-clang | 0.1.5 | 73.69 | NOTE | |||
r-devel-linux-x86_64-fedora-gcc | 0.1.5 | 64.71 | NOTE | |||
r-devel-windows-ix86+x86_64 | 0.1.5 | 11.00 | 58.00 | 69.00 | OK | |
r-patched-linux-x86_64 | 0.1.5 | 5.08 | 53.50 | 58.58 | OK | |
r-patched-solaris-x86 | 0.1.5 | 95.00 | NOTE | |||
r-release-linux-x86_64 | 0.1.5 | 5.02 | 50.95 | 55.97 | OK | |
r-release-macos-x86_64 | 0.1.5 | NOTE | ||||
r-release-windows-ix86+x86_64 | 0.1.5 | 8.00 | 60.00 | 68.00 | OK | |
r-oldrel-macos-x86_64 | 0.1.5 | NOTE | ||||
r-oldrel-windows-ix86+x86_64 | 0.1.5 | 8.00 | 71.00 | 79.00 | OK |
Version: 0.1.5
Check: data for non-ASCII characters
Result: NOTE
Note: found 28 marked UTF-8 strings
Flavors: r-devel-linux-x86_64-fedora-clang, r-devel-linux-x86_64-fedora-gcc, r-patched-solaris-x86, r-release-macos-x86_64, r-oldrel-macos-x86_64