Last updated on 2020-12-04 00:48:34 CET.
Flavor | Version | Tinstall | Tcheck | Ttotal | Status | Flags |
---|---|---|---|---|---|---|
r-devel-linux-x86_64-debian-clang | 4.0.3 | 13.67 | 104.67 | 118.34 | NOTE | |
r-devel-linux-x86_64-debian-gcc | 4.0.3 | 11.80 | 79.76 | 91.56 | NOTE | |
r-devel-linux-x86_64-fedora-clang | 4.0.3 | 145.75 | NOTE | |||
r-devel-linux-x86_64-fedora-gcc | 4.0.3 | 137.07 | NOTE | |||
r-devel-windows-ix86+x86_64 | 4.0.3 | 25.00 | 99.00 | 124.00 | OK | |
r-patched-linux-x86_64 | 4.0.3 | 12.74 | 100.15 | 112.89 | NOTE | |
r-patched-solaris-x86 | 4.0.3 | 179.70 | NOTE | |||
r-release-linux-x86_64 | 4.0.3 | 12.45 | 100.85 | 113.30 | NOTE | |
r-release-macos-x86_64 | 4.0.3 | OK | ||||
r-release-windows-ix86+x86_64 | 4.0.3 | 22.00 | 97.00 | 119.00 | OK | |
r-oldrel-macos-x86_64 | 4.0.3 | OK | ||||
r-oldrel-windows-ix86+x86_64 | 4.0.3 | 26.00 | 119.00 | 145.00 | OK |
Version: 4.0.3
Check: for non-standard things in the check directory
Result: NOTE
Found the following files/directories:
'3_FindHaplo_Example2_modified.txt'
'4_Example3_HapPerPop_Weighted.txt'
'4_Example3_IndelDistanceMatrixMullerMod.txt'
'4_FindHaplo_Example2_modified.txt' 'FindHaplo.txt'
'Haplotypes_DefaultNames.txt' 'Haplotypes_sequentialNames.txt'
'Interaction.txt' 'Modules_summary.txt'
'NINA.ThresholdEstimation.txt' 'NINA_Network.pdf' 'Network.pdf'
'PercThr Estimation.pdf' 'PercThresholdEstimation.txt'
'PercolatedNetwork.pdf' 'PopulationDistances.r.txt' 'Weighted.txt'
'ex1.fas' 'ex2.2.fas' 'ex2.fas' 'ex2_unique.fas' 'ex3.fas'
'simulated_sequences_rep1.fas' 'simulated_sequences_rep2.fas'
'simulated_sequences_tips_rep1.fas'
'simulated_sequences_tips_rep2.fas'
Flavors: r-devel-linux-x86_64-debian-clang, r-devel-linux-x86_64-debian-gcc, r-devel-linux-x86_64-fedora-clang, r-devel-linux-x86_64-fedora-gcc, r-patched-linux-x86_64, r-patched-solaris-x86, r-release-linux-x86_64