Last updated on 2020-12-04 00:48:34 CET.
Flavor | Version | Tinstall | Tcheck | Ttotal | Status | Flags |
---|---|---|---|---|---|---|
r-devel-linux-x86_64-debian-clang | 0.2.3 | 4.66 | 93.95 | 98.61 | OK | |
r-devel-linux-x86_64-debian-gcc | 0.2.3 | 4.28 | 70.88 | 75.16 | OK | |
r-devel-linux-x86_64-fedora-clang | 0.2.3 | 120.69 | NOTE | |||
r-devel-linux-x86_64-fedora-gcc | 0.2.3 | 116.99 | NOTE | |||
r-devel-windows-ix86+x86_64 | 0.2.3 | 7.00 | 94.00 | 101.00 | OK | |
r-patched-linux-x86_64 | 0.2.3 | 3.78 | 103.81 | 107.59 | OK | |
r-patched-solaris-x86 | 0.2.3 | 160.70 | NOTE | |||
r-release-linux-x86_64 | 0.2.3 | 4.65 | 103.87 | 108.52 | OK | |
r-release-macos-x86_64 | 0.2.3 | NOTE | ||||
r-release-windows-ix86+x86_64 | 0.2.3 | 7.00 | 107.00 | 114.00 | OK | |
r-oldrel-macos-x86_64 | 0.2.3 | NOTE | ||||
r-oldrel-windows-ix86+x86_64 | 0.2.3 | 5.00 | 123.00 | 128.00 | OK |
Version: 0.2.3
Check: dependencies in R code
Result: NOTE
Namespace in Imports field not imported from: ‘dplyr’
All declared Imports should be used.
Flavors: r-devel-linux-x86_64-fedora-clang, r-devel-linux-x86_64-fedora-gcc, r-patched-solaris-x86, r-release-macos-x86_64, r-oldrel-macos-x86_64