CRAN Package Check Results for Package shinystan

Last updated on 2020-12-04 00:48:34 CET.

Flavor Version Tinstall Tcheck Ttotal Status Flags
r-devel-linux-x86_64-debian-clang 2.5.0 16.21 127.98 144.19 OK
r-devel-linux-x86_64-debian-gcc 2.5.0 12.48 97.42 109.90 OK
r-devel-linux-x86_64-fedora-clang 2.5.0 176.65 NOTE
r-devel-linux-x86_64-fedora-gcc 2.5.0 164.92 OK
r-devel-windows-ix86+x86_64 2.5.0 32.00 132.00 164.00 OK
r-patched-linux-x86_64 2.5.0 14.36 123.63 137.99 OK
r-patched-solaris-x86 2.5.0 250.30 OK
r-release-linux-x86_64 2.5.0 15.44 122.15 137.59 OK
r-release-macos-x86_64 2.5.0 OK
r-release-windows-ix86+x86_64 2.5.0 23.00 128.00 151.00 OK
r-oldrel-macos-x86_64 2.5.0 OK
r-oldrel-windows-ix86+x86_64 2.5.0 35.00 154.00 189.00 OK

Check Details

Version: 2.5.0
Check: Rd cross-references
Result: NOTE
    Undeclared package ‘brms’ in Rd xrefs
Flavor: r-devel-linux-x86_64-fedora-clang