Last updated on 2020-12-04 00:48:34 CET.
Flavor | Version | Tinstall | Tcheck | Ttotal | Status | Flags |
---|---|---|---|---|---|---|
r-devel-linux-x86_64-debian-clang | 0.2.6 | 15.88 | 134.23 | 150.11 | OK | |
r-devel-linux-x86_64-debian-gcc | 0.2.6 | 13.29 | 102.20 | 115.49 | OK | |
r-devel-linux-x86_64-fedora-clang | 0.2.6 | 187.65 | NOTE | |||
r-devel-linux-x86_64-fedora-gcc | 0.2.6 | 179.19 | NOTE | |||
r-devel-windows-ix86+x86_64 | 0.2.6 | 37.00 | 129.00 | 166.00 | OK | |
r-patched-linux-x86_64 | 0.2.6 | 16.49 | 126.85 | 143.34 | OK | |
r-patched-solaris-x86 | 0.2.6 | 273.30 | NOTE | |||
r-release-linux-x86_64 | 0.2.6 | 14.73 | 127.08 | 141.81 | OK | |
r-release-macos-x86_64 | 0.2.6 | NOTE | ||||
r-release-windows-ix86+x86_64 | 0.2.6 | 25.00 | 131.00 | 156.00 | OK | |
r-oldrel-macos-x86_64 | 0.2.6 | NOTE | ||||
r-oldrel-windows-ix86+x86_64 | 0.2.6 | 30.00 | 155.00 | 185.00 | OK |
Version: 0.2.6
Check: dependencies in R code
Result: NOTE
Namespaces in Imports field not imported from:
‘e1071’ ‘knitr’ ‘plotly’
All declared Imports should be used.
Flavors: r-devel-linux-x86_64-fedora-clang, r-devel-linux-x86_64-fedora-gcc, r-patched-solaris-x86, r-release-macos-x86_64, r-oldrel-macos-x86_64