Last updated on 2020-12-04 00:48:34 CET.
Flavor | Version | Tinstall | Tcheck | Ttotal | Status | Flags |
---|---|---|---|---|---|---|
r-devel-linux-x86_64-debian-gcc | 0.1.0 | 2.44 | 17.45 | 19.89 | OK | |
r-devel-linux-x86_64-fedora-clang | 0.1.0 | 35.30 | NOTE | |||
r-devel-linux-x86_64-fedora-gcc | 0.1.0 | 25.99 | NOTE | |||
r-patched-linux-x86_64 | 0.1.0 | 3.31 | 25.07 | 28.38 | OK | |
r-patched-solaris-x86 | 0.1.0 | 38.40 | NOTE | |||
r-release-linux-x86_64 | 0.1.0 | 2.64 | 22.57 | 25.21 | OK | |
r-oldrel-macos-x86_64 | 0.1.0 | NOTE | ||||
r-oldrel-windows-ix86+x86_64 | 0.1.0 | 4.00 | 27.00 | 31.00 | OK |
Version: 0.1.0
Check: dependencies in R code
Result: NOTE
Namespace in Imports field not imported from: ‘reactable’
All declared Imports should be used.
Flavors: r-devel-linux-x86_64-fedora-clang, r-devel-linux-x86_64-fedora-gcc, r-patched-solaris-x86, r-oldrel-macos-x86_64