CRAN Package Check Results for Package shinydisconnect

Last updated on 2020-12-04 00:48:34 CET.

Flavor Version Tinstall Tcheck Ttotal Status Flags
r-devel-linux-x86_64-debian-clang 0.1.0 2.44 21.61 24.05 OK
r-devel-linux-x86_64-debian-gcc 0.1.0 1.98 18.86 20.84 OK
r-devel-linux-x86_64-fedora-clang 0.1.0 33.17 NOTE
r-devel-linux-x86_64-fedora-gcc 0.1.0 23.67 NOTE
r-devel-windows-ix86+x86_64 0.1.0 5.00 29.00 34.00 OK
r-patched-linux-x86_64 0.1.0 2.44 22.89 25.33 OK
r-patched-solaris-x86 0.1.0 37.20 NOTE
r-release-linux-x86_64 0.1.0 2.51 23.14 25.65 OK
r-release-macos-x86_64 0.1.0 NOTE
r-release-windows-ix86+x86_64 0.1.0 4.00 33.00 37.00 OK
r-oldrel-macos-x86_64 0.1.0 NOTE
r-oldrel-windows-ix86+x86_64 0.1.0 3.00 33.00 36.00 OK

Check Details

Version: 0.1.0
Check: dependencies in R code
Result: NOTE
    Namespace in Imports field not imported from: ‘shiny’
     All declared Imports should be used.
Flavors: r-devel-linux-x86_64-fedora-clang, r-devel-linux-x86_64-fedora-gcc, r-patched-solaris-x86, r-release-macos-x86_64, r-oldrel-macos-x86_64