Last updated on 2020-12-04 00:48:34 CET.
Flavor | Version | Tinstall | Tcheck | Ttotal | Status | Flags |
---|---|---|---|---|---|---|
r-devel-linux-x86_64-debian-clang | 1.1.0 | 5.45 | 33.70 | 39.15 | OK | |
r-devel-linux-x86_64-debian-gcc | 1.1.0 | 4.53 | 26.24 | 30.77 | OK | |
r-devel-linux-x86_64-fedora-clang | 1.1.0 | 48.26 | NOTE | |||
r-devel-linux-x86_64-fedora-gcc | 1.1.0 | 38.96 | OK | |||
r-devel-windows-ix86+x86_64 | 1.1.0 | 12.00 | 38.00 | 50.00 | NOTE | |
r-patched-linux-x86_64 | 1.1.0 | 4.78 | 31.40 | 36.18 | OK | |
r-patched-solaris-x86 | 1.1.0 | 75.10 | NOTE | |||
r-release-linux-x86_64 | 1.1.0 | 5.62 | 32.21 | 37.83 | OK | |
r-release-macos-x86_64 | 1.1.0 | NOTE | ||||
r-release-windows-ix86+x86_64 | 1.1.0 | 11.00 | 48.00 | 59.00 | NOTE | |
r-oldrel-macos-x86_64 | 1.1.0 | NOTE | ||||
r-oldrel-windows-ix86+x86_64 | 1.1.0 | 10.00 | 46.00 | 56.00 | NOTE |
Version: 1.1.0
Check: installed package size
Result: NOTE
installed size is 21.6Mb
sub-directories of 1Mb or more:
shinyApp 21.4Mb
Flavors: r-devel-linux-x86_64-fedora-clang, r-devel-windows-ix86+x86_64, r-patched-solaris-x86, r-release-macos-x86_64, r-release-windows-ix86+x86_64, r-oldrel-macos-x86_64, r-oldrel-windows-ix86+x86_64