Last updated on 2020-12-04 00:48:34 CET.
Flavor | Version | Tinstall | Tcheck | Ttotal | Status | Flags |
---|---|---|---|---|---|---|
r-devel-linux-x86_64-debian-clang | 1.0.0 | 16.68 | 103.16 | 119.84 | OK | |
r-devel-linux-x86_64-debian-gcc | 1.0.0 | 11.64 | 77.36 | 89.00 | OK | |
r-devel-linux-x86_64-fedora-clang | 1.0.0 | 158.78 | NOTE | |||
r-devel-linux-x86_64-fedora-gcc | 1.0.0 | 144.17 | NOTE | |||
r-devel-windows-ix86+x86_64 | 1.0.0 | 31.00 | 92.00 | 123.00 | OK | |
r-patched-linux-x86_64 | 1.0.0 | 14.73 | 96.37 | 111.10 | OK | |
r-patched-solaris-x86 | 1.0.0 | 193.40 | NOTE | |||
r-release-linux-x86_64 | 1.0.0 | 15.06 | 95.79 | 110.85 | OK | |
r-release-macos-x86_64 | 1.0.0 | NOTE | ||||
r-release-windows-ix86+x86_64 | 1.0.0 | 25.00 | 94.00 | 119.00 | OK | |
r-oldrel-macos-x86_64 | 1.0.0 | NOTE | ||||
r-oldrel-windows-ix86+x86_64 | 1.0.0 | 29.00 | 114.00 | 143.00 | OK |
Version: 1.0.0
Check: dependencies in R code
Result: NOTE
Namespaces in Imports field not imported from:
‘lifecycle’ ‘shinydashboard’
All declared Imports should be used.
Flavors: r-devel-linux-x86_64-fedora-clang, r-devel-linux-x86_64-fedora-gcc, r-patched-solaris-x86, r-release-macos-x86_64, r-oldrel-macos-x86_64