CRAN Package Check Results for Package shinyBS

Last updated on 2020-12-04 00:48:34 CET.

Flavor Version Tinstall Tcheck Ttotal Status Flags
r-devel-linux-x86_64-debian-clang 0.61 3.64 34.12 37.76 NOTE
r-devel-linux-x86_64-debian-gcc 0.61 3.65 27.01 30.66 NOTE
r-devel-linux-x86_64-fedora-clang 0.61 49.97 NOTE
r-devel-linux-x86_64-fedora-gcc 0.61 41.36 NOTE
r-devel-windows-ix86+x86_64 0.61 8.00 38.00 46.00 NOTE
r-patched-linux-x86_64 0.61 3.27 32.53 35.80 NOTE
r-patched-solaris-x86 0.61 62.20 NOTE
r-release-linux-x86_64 0.61 4.31 34.28 38.59 NOTE
r-release-macos-x86_64 0.61 NOTE
r-release-windows-ix86+x86_64 0.61 6.00 49.00 55.00 NOTE
r-oldrel-macos-x86_64 0.61 NOTE
r-oldrel-windows-ix86+x86_64 0.61 6.00 48.00 54.00 NOTE

Check Details

Version: 0.61
Check: R code for possible problems
Result: NOTE
    popify: no visible global function definition for 'runif'
    tipify: no visible global function definition for 'runif'
    Undefined global functions or variables:
     runif
    Consider adding
     importFrom("stats", "runif")
    to your NAMESPACE file.
Flavors: r-devel-linux-x86_64-debian-clang, r-devel-linux-x86_64-debian-gcc, r-devel-linux-x86_64-fedora-clang, r-devel-linux-x86_64-fedora-gcc, r-devel-windows-ix86+x86_64, r-patched-linux-x86_64, r-patched-solaris-x86, r-release-linux-x86_64, r-release-macos-x86_64, r-release-windows-ix86+x86_64, r-oldrel-macos-x86_64, r-oldrel-windows-ix86+x86_64