Last updated on 2020-12-04 00:48:34 CET.
Flavor | Version | Tinstall | Tcheck | Ttotal | Status | Flags |
---|---|---|---|---|---|---|
r-devel-linux-x86_64-debian-clang | 0.4.0 | 7.81 | 51.39 | 59.20 | OK | |
r-devel-linux-x86_64-debian-gcc | 0.4.0 | 6.55 | 43.18 | 49.73 | OK | |
r-devel-linux-x86_64-fedora-clang | 0.4.0 | 73.01 | NOTE | |||
r-devel-linux-x86_64-fedora-gcc | 0.4.0 | 65.31 | OK | |||
r-devel-windows-ix86+x86_64 | 0.4.0 | 14.00 | 52.00 | 66.00 | NOTE | |
r-patched-linux-x86_64 | 0.4.0 | 7.67 | 48.35 | 56.02 | OK | |
r-patched-solaris-x86 | 0.4.0 | 93.30 | NOTE | |||
r-release-linux-x86_64 | 0.4.0 | 7.65 | 49.25 | 56.90 | OK | |
r-release-macos-x86_64 | 0.4.0 | NOTE | ||||
r-release-windows-ix86+x86_64 | 0.4.0 | 11.00 | 58.00 | 69.00 | NOTE | |
r-oldrel-macos-x86_64 | 0.4.0 | NOTE | ||||
r-oldrel-windows-ix86+x86_64 | 0.4.0 | 11.00 | 71.00 | 82.00 | NOTE |
Version: 0.4.0
Check: installed package size
Result: NOTE
installed size is 10.8Mb
sub-directories of 1Mb or more:
help 2.5Mb
www 8.0Mb
Flavors: r-devel-linux-x86_64-fedora-clang, r-devel-windows-ix86+x86_64, r-patched-solaris-x86, r-release-macos-x86_64, r-release-windows-ix86+x86_64, r-oldrel-macos-x86_64, r-oldrel-windows-ix86+x86_64