CRAN Package Check Results for Package sgeostat

Last updated on 2020-12-04 00:48:34 CET.

Flavor Version Tinstall Tcheck Ttotal Status Flags
r-devel-linux-x86_64-debian-clang 1.0-27 3.99 33.62 37.61 OK
r-devel-linux-x86_64-debian-gcc 1.0-27 3.11 29.57 32.68 OK
r-devel-linux-x86_64-fedora-clang 1.0-27 51.68 NOTE
r-devel-linux-x86_64-fedora-gcc 1.0-27 43.45 NOTE
r-devel-windows-ix86+x86_64 1.0-27 9.00 46.00 55.00 OK
r-patched-linux-x86_64 1.0-27 3.82 32.73 36.55 OK
r-patched-solaris-x86 1.0-27 63.40 OK
r-release-linux-x86_64 1.0-27 3.83 33.68 37.51 OK
r-release-macos-x86_64 1.0-27 OK
r-release-windows-ix86+x86_64 1.0-27 9.00 46.00 55.00 OK
r-oldrel-macos-x86_64 1.0-27 OK
r-oldrel-windows-ix86+x86_64 1.0-27 8.00 67.00 75.00 OK

Check Details

Version: 1.0-27
Check: Rd cross-references
Result: NOTE
    Undeclared package ‘tripack’ in Rd xrefs
Flavor: r-devel-linux-x86_64-fedora-clang

Version: 1.0-27
Check: compiled code
Result: NOTE
    File ‘sgeostat/libs/sgeostat.so’:
     Found no calls to: ‘R_registerRoutines’, ‘R_useDynamicSymbols’
    
    It is good practice to register native routines and to disable symbol
    search.
    
    See ‘Writing portable packages’ in the ‘Writing R Extensions’ manual.
Flavors: r-devel-linux-x86_64-fedora-clang, r-devel-linux-x86_64-fedora-gcc