CRAN Package Check Results for Package serrsBayes

Last updated on 2020-12-04 00:48:34 CET.

Flavor Version Tinstall Tcheck Ttotal Status Flags
r-devel-linux-x86_64-debian-clang 0.4-1 78.54 552.47 631.01 OK
r-devel-linux-x86_64-debian-gcc 0.4-1 59.47 441.10 500.57 OK
r-devel-linux-x86_64-fedora-clang 0.4-1 793.78 NOTE
r-devel-linux-x86_64-fedora-gcc 0.4-1 781.64 OK
r-devel-windows-ix86+x86_64 0.4-1 165.00 495.00 660.00 OK
r-patched-linux-x86_64 0.4-1 67.84 556.02 623.86 OK
r-patched-solaris-x86 0.4-1 1294.50 OK
r-release-linux-x86_64 0.4-1 65.27 542.86 608.13 OK
r-release-macos-x86_64 0.4-1 NOTE
r-release-windows-ix86+x86_64 0.4-1 112.00 467.00 579.00 OK
r-oldrel-macos-x86_64 0.4-1 NOTE
r-oldrel-windows-ix86+x86_64 0.4-1 119.00 493.00 612.00 OK

Check Details

Version: 0.4-1
Check: installed package size
Result: NOTE
     installed size is 16.5Mb
     sub-directories of 1Mb or more:
     libs 15.2Mb
Flavors: r-devel-linux-x86_64-fedora-clang, r-release-macos-x86_64, r-oldrel-macos-x86_64

Version: 0.4-1
Check: Rd cross-references
Result: NOTE
    Undeclared package ‘Hmisc’ in Rd xrefs
Flavor: r-devel-linux-x86_64-fedora-clang