CRAN Package Check Results for Package sergeant

Last updated on 2020-12-04 00:48:34 CET.

Flavor Version Tinstall Tcheck Ttotal Status Flags
r-devel-linux-x86_64-debian-clang 0.9.0 9.59 65.07 74.66 OK
r-devel-linux-x86_64-debian-gcc 0.9.0 7.23 52.34 59.57 OK
r-devel-linux-x86_64-fedora-clang 0.9.0 93.88 NOTE
r-devel-linux-x86_64-fedora-gcc 0.9.0 84.98 NOTE
r-devel-windows-ix86+x86_64 0.9.0 22.00 69.00 91.00 OK
r-patched-linux-x86_64 0.9.0 8.43 62.05 70.48 OK
r-patched-solaris-x86 0.9.0 116.20 NOTE
r-release-linux-x86_64 0.9.0 9.00 60.17 69.17 OK
r-release-macos-x86_64 0.9.0 NOTE
r-release-windows-ix86+x86_64 0.9.0 18.00 93.00 111.00 OK
r-oldrel-macos-x86_64 0.9.0 NOTE
r-oldrel-windows-ix86+x86_64 0.9.0 13.00 87.00 100.00 OK

Check Details

Version: 0.9.0
Check: dependencies in R code
Result: NOTE
    Namespace in Imports field not imported from: ‘magrittr’
     All declared Imports should be used.
Flavors: r-devel-linux-x86_64-fedora-clang, r-devel-linux-x86_64-fedora-gcc, r-patched-solaris-x86, r-release-macos-x86_64, r-oldrel-macos-x86_64