CRAN Package Check Results for Package seqmagick

Last updated on 2020-12-04 00:48:34 CET.

Flavor Version Tinstall Tcheck Ttotal Status Flags
r-devel-linux-x86_64-debian-clang 0.1.4 11.56 126.54 138.10 OK
r-devel-linux-x86_64-debian-gcc 0.1.4 10.82 95.99 106.81 OK
r-devel-linux-x86_64-fedora-clang 0.1.4 173.67 NOTE
r-devel-linux-x86_64-fedora-gcc 0.1.4 163.24 OK
r-devel-windows-ix86+x86_64 0.1.4 29.00 106.00 135.00 OK
r-patched-linux-x86_64 0.1.4 13.44 116.86 130.30 OK
r-patched-solaris-x86 0.1.4 229.50 NOTE
r-release-linux-x86_64 0.1.4 11.76 117.58 129.34 OK
r-release-macos-x86_64 0.1.4 NOTE
r-release-windows-ix86+x86_64 0.1.4 25.00 147.00 172.00 OK
r-oldrel-macos-x86_64 0.1.4 NOTE
r-oldrel-windows-ix86+x86_64 0.1.4 22.00 135.00 157.00 OK

Check Details

Version: 0.1.4
Check: package dependencies
Result: NOTE
    Package suggested but not available for checking: ‘muscle’
Flavors: r-devel-linux-x86_64-fedora-clang, r-patched-solaris-x86, r-release-macos-x86_64, r-oldrel-macos-x86_64