Last updated on 2020-12-04 00:48:34 CET.
Flavor | Version | Tinstall | Tcheck | Ttotal | Status | Flags |
---|---|---|---|---|---|---|
r-devel-linux-x86_64-debian-clang | 4.2-4 | 15.12 | 117.06 | 132.18 | OK | |
r-devel-linux-x86_64-debian-gcc | 4.2-4 | 13.77 | 91.89 | 105.66 | OK | |
r-devel-linux-x86_64-fedora-clang | 4.2-4 | 167.79 | NOTE | |||
r-devel-linux-x86_64-fedora-gcc | 4.2-4 | 160.24 | OK | |||
r-devel-windows-ix86+x86_64 | 4.2-4 | 32.00 | 163.00 | 195.00 | NOTE | |
r-patched-linux-x86_64 | 4.2-4 | 15.11 | 119.47 | 134.58 | OK | |
r-patched-solaris-x86 | 4.2-4 | 228.10 | NOTE | |||
r-release-linux-x86_64 | 4.2-4 | 13.70 | 116.80 | 130.50 | OK | |
r-release-macos-x86_64 | 4.2-4 | NOTE | ||||
r-release-windows-ix86+x86_64 | 4.2-4 | 24.00 | 219.00 | 243.00 | NOTE | |
r-oldrel-macos-x86_64 | 4.2-4 | NOTE | ||||
r-oldrel-windows-ix86+x86_64 | 4.2-4 | 25.00 | 205.00 | 230.00 | NOTE |
Version: 4.2-4
Check: installed package size
Result: NOTE
installed size is 5.5Mb
sub-directories of 1Mb or more:
data 1.4Mb
sequences 1.9Mb
Flavors: r-devel-linux-x86_64-fedora-clang, r-devel-windows-ix86+x86_64, r-patched-solaris-x86, r-release-macos-x86_64, r-release-windows-ix86+x86_64, r-oldrel-macos-x86_64, r-oldrel-windows-ix86+x86_64