Last updated on 2020-12-04 00:48:34 CET.
Flavor | Version | Tinstall | Tcheck | Ttotal | Status | Flags |
---|---|---|---|---|---|---|
r-devel-linux-x86_64-debian-clang | 1.2.2 | 4.77 | 175.25 | 180.02 | OK | |
r-devel-linux-x86_64-debian-gcc | 1.2.2 | 3.89 | 128.70 | 132.59 | OK | |
r-devel-linux-x86_64-fedora-clang | 1.2.2 | 213.13 | OK | |||
r-devel-linux-x86_64-fedora-gcc | 1.2.2 | 210.86 | OK | |||
r-devel-windows-ix86+x86_64 | 1.2.2 | 8.00 | 155.00 | 163.00 | OK | |
r-patched-linux-x86_64 | 1.2.2 | 4.59 | 170.35 | 174.94 | OK | |
r-patched-solaris-x86 | 1.2.2 | 203.60 | NOTE | |||
r-release-linux-x86_64 | 1.2.2 | 4.45 | 171.00 | 175.45 | OK | |
r-release-macos-x86_64 | 1.2.2 | NOTE | ||||
r-release-windows-ix86+x86_64 | 1.2.2 | 7.00 | 182.00 | 189.00 | OK | |
r-oldrel-macos-x86_64 | 1.2.2 | NOTE | ||||
r-oldrel-windows-ix86+x86_64 | 1.2.2 | 6.00 | 214.00 | 220.00 | OK |
Version: 1.2.2
Check: package dependencies
Result: NOTE
Package suggested but not available for checking: ‘airway’
Flavors: r-patched-solaris-x86, r-release-macos-x86_64, r-oldrel-macos-x86_64