CRAN Package Check Results for Package sentometrics

Last updated on 2020-12-04 00:48:34 CET.

Flavor Version Tinstall Tcheck Ttotal Status Flags
r-devel-linux-x86_64-debian-clang 0.8.2 99.01 250.48 349.49 NOTE
r-devel-linux-x86_64-debian-gcc 0.8.2 67.78 180.03 247.81 NOTE
r-devel-linux-x86_64-fedora-clang 0.8.2 437.61 NOTE
r-devel-linux-x86_64-fedora-gcc 0.8.2 392.29 NOTE
r-devel-windows-ix86+x86_64 0.8.2 228.00 337.00 565.00 NOTE
r-patched-linux-x86_64 0.8.2 82.25 221.23 303.48 NOTE
r-patched-solaris-x86 0.8.2 506.80 NOTE
r-release-linux-x86_64 0.8.2 82.29 218.82 301.11 NOTE
r-release-macos-x86_64 0.8.2 NOTE
r-release-windows-ix86+x86_64 0.8.2 158.00 393.00 551.00 NOTE
r-oldrel-macos-x86_64 0.8.2 NOTE
r-oldrel-windows-ix86+x86_64 0.8.2 181.00 440.00 621.00 NOTE

Check Details

Version: 0.8.2
Check: for GNU extensions in Makefiles
Result: NOTE
    GNU make is a SystemRequirements.
Flavors: r-devel-linux-x86_64-debian-clang, r-devel-linux-x86_64-debian-gcc, r-devel-linux-x86_64-fedora-clang, r-devel-linux-x86_64-fedora-gcc, r-devel-windows-ix86+x86_64, r-patched-linux-x86_64, r-patched-solaris-x86, r-release-linux-x86_64, r-release-macos-x86_64, r-release-windows-ix86+x86_64, r-oldrel-macos-x86_64, r-oldrel-windows-ix86+x86_64

Version: 0.8.2
Check: installed package size
Result: NOTE
     installed size is 8.6Mb
     sub-directories of 1Mb or more:
     data 2.3Mb
     libs 5.2Mb
Flavors: r-devel-linux-x86_64-fedora-clang, r-devel-windows-ix86+x86_64, r-release-macos-x86_64, r-release-windows-ix86+x86_64, r-oldrel-macos-x86_64, r-oldrel-windows-ix86+x86_64

Version: 0.8.2
Check: Rd cross-references
Result: NOTE
    Undeclared packages ‘MCS’, ‘stopwords’, ‘lexicon’ in Rd xrefs
Flavor: r-devel-linux-x86_64-fedora-clang

Version: 0.8.2
Check: data for non-ASCII characters
Result: NOTE
     Note: found 4436 marked UTF-8 strings
Flavors: r-devel-linux-x86_64-fedora-clang, r-devel-linux-x86_64-fedora-gcc, r-patched-solaris-x86, r-release-macos-x86_64, r-oldrel-macos-x86_64