CRAN Package Check Results for Package seminr

Last updated on 2020-12-04 00:48:33 CET.

Flavor Version Tinstall Tcheck Ttotal Status Flags
r-devel-linux-x86_64-debian-clang 1.1.0 6.14 69.91 76.05 OK
r-devel-linux-x86_64-debian-gcc 1.1.0 4.53 53.21 57.74 OK
r-devel-linux-x86_64-fedora-clang 1.1.0 93.08 NOTE
r-devel-linux-x86_64-fedora-gcc 1.1.0 83.53 NOTE
r-devel-windows-ix86+x86_64 1.1.0 10.00 153.00 163.00 OK
r-patched-linux-x86_64 1.1.0 5.89 65.73 71.62 OK
r-patched-solaris-x86 1.1.0 457.30 NOTE
r-release-linux-x86_64 1.1.0 5.38 68.99 74.37 OK
r-release-macos-x86_64 1.1.0 NOTE
r-release-windows-ix86+x86_64 1.1.0 6.00 214.00 220.00 OK
r-oldrel-macos-x86_64 1.1.0 NOTE
r-oldrel-windows-ix86+x86_64 1.1.0 6.00 216.00 222.00 OK

Check Details

Version: 1.1.0
Check: dependencies in R code
Result: NOTE
    Namespace in Imports field not imported from: ‘MASS’
     All declared Imports should be used.
Flavors: r-devel-linux-x86_64-fedora-clang, r-devel-linux-x86_64-fedora-gcc, r-patched-solaris-x86, r-release-macos-x86_64, r-oldrel-macos-x86_64