Last updated on 2020-12-04 00:48:33 CET.
Flavor | Version | Tinstall | Tcheck | Ttotal | Status | Flags |
---|---|---|---|---|---|---|
r-devel-linux-x86_64-debian-clang | 2.3.1 | 18.16 | 157.57 | 175.73 | NOTE | |
r-devel-linux-x86_64-debian-gcc | 2.3.1 | 14.76 | 116.26 | 131.02 | NOTE | |
r-devel-linux-x86_64-fedora-clang | 2.3.1 | 216.05 | NOTE | |||
r-devel-linux-x86_64-fedora-gcc | 2.3.1 | 205.33 | NOTE | |||
r-devel-windows-ix86+x86_64 | 2.3.1 | 42.00 | 123.00 | 165.00 | OK | |
r-patched-linux-x86_64 | 2.3.1 | 17.83 | 146.08 | 163.91 | NOTE | |
r-patched-solaris-x86 | 2.3.1 | 276.90 | NOTE | |||
r-release-linux-x86_64 | 2.3.1 | 19.30 | 145.98 | 165.28 | NOTE | |
r-release-macos-x86_64 | 2.3.1 | OK | ||||
r-release-windows-ix86+x86_64 | 2.3.1 | 26.00 | 172.00 | 198.00 | OK | |
r-oldrel-macos-x86_64 | 2.3.1 | OK | ||||
r-oldrel-windows-ix86+x86_64 | 2.3.1 | 35.00 | 163.00 | 198.00 | OK |
Version: 2.3.1
Check: for non-standard things in the check directory
Result: NOTE
Found the following files/directories:
'Rprof.out'
Flavors: r-devel-linux-x86_64-debian-clang, r-devel-linux-x86_64-debian-gcc, r-devel-linux-x86_64-fedora-clang, r-devel-linux-x86_64-fedora-gcc, r-patched-linux-x86_64, r-patched-solaris-x86, r-release-linux-x86_64