CRAN Package Check Results for Package seedwater

Last updated on 2020-12-04 00:48:33 CET.

Flavor Version Tinstall Tcheck Ttotal Status Flags
r-devel-linux-x86_64-debian-clang 1.0 3.99 30.86 34.85 OK
r-devel-linux-x86_64-debian-gcc 1.0 3.13 28.46 31.59 OK
r-devel-linux-x86_64-fedora-clang 1.0 48.59 OK
r-devel-linux-x86_64-fedora-gcc 1.0 39.07 OK
r-devel-windows-ix86+x86_64 1.0 14.00 56.00 70.00 OK
r-patched-linux-x86_64 1.0 3.90 29.54 33.44 OK
r-patched-solaris-x86 1.0 58.10 OK
r-release-linux-x86_64 1.0 3.59 31.01 34.60 OK
r-release-macos-x86_64 1.0 ERROR
r-release-windows-ix86+x86_64 1.0 13.00 66.00 79.00 OK
r-oldrel-macos-x86_64 1.0 ERROR
r-oldrel-windows-ix86+x86_64 1.0 11.00 59.00 70.00 OK

Check Details

Version: 1.0
Check: package dependencies
Result: ERROR
    Package required but not available: ‘rpanel’
    
    See section ‘The DESCRIPTION file’ in the ‘Writing R Extensions’
    manual.
Flavors: r-release-macos-x86_64, r-oldrel-macos-x86_64