CRAN Package Check Results for Package seedr

Last updated on 2020-12-04 00:48:33 CET.

Flavor Version Tinstall Tcheck Ttotal Status Flags
r-devel-linux-x86_64-debian-clang 0.3.0 3.68 39.02 42.70 OK
r-devel-linux-x86_64-debian-gcc 0.3.0 2.94 28.60 31.54 OK
r-devel-linux-x86_64-fedora-clang 0.3.0 53.71 OK
r-devel-linux-x86_64-fedora-gcc 0.3.0 44.22 OK
r-devel-windows-ix86+x86_64 0.3.0 7.00 39.00 46.00 OK
r-patched-linux-x86_64 0.3.0 3.44 35.24 38.68 OK
r-patched-solaris-x86 0.3.0 67.00 OK
r-release-linux-x86_64 0.3.0 3.63 35.16 38.79 OK
r-release-macos-x86_64 0.3.0 OK
r-release-windows-ix86+x86_64 0.3.0 6.00 51.00 57.00 OK
r-oldrel-macos-x86_64 0.3.0 ERROR

Check Details

Version: 0.3.0
Check: whether package can be installed
Result: ERROR
    Installation failed.
Flavor: r-oldrel-macos-x86_64