CRAN Package Check Results for Package seededlda

Last updated on 2020-12-04 00:48:33 CET.

Flavor Version Tinstall Tcheck Ttotal Status Flags
r-devel-linux-x86_64-debian-clang 0.5 48.17 345.85 394.02 OK
r-devel-linux-x86_64-debian-gcc 0.5 34.62 167.07 201.69 OK
r-devel-linux-x86_64-fedora-clang 0.5 370.48 NOTE
r-devel-linux-x86_64-fedora-gcc 0.5 346.29 OK
r-devel-windows-ix86+x86_64 0.5 115.00 405.00 520.00 OK
r-patched-linux-x86_64 0.5 40.36 231.70 272.06 OK
r-patched-solaris-x86 0.5 718.40 OK
r-release-linux-x86_64 0.5 41.33 234.22 275.55 OK
r-release-macos-x86_64 0.5 OK
r-release-windows-ix86+x86_64 0.5 81.00 502.00 583.00 OK
r-oldrel-macos-x86_64 0.5 OK
r-oldrel-windows-ix86+x86_64 0.5 93.00 641.00 734.00 OK

Check Details

Version: 0.5
Check: Rd cross-references
Result: NOTE
    Undeclared package ‘topicmodels’ in Rd xrefs
Flavor: r-devel-linux-x86_64-fedora-clang