CRAN Package Check Results for Package seasonal

Last updated on 2020-12-04 00:48:33 CET.

Flavor Version Tinstall Tcheck Ttotal Status Flags
r-devel-linux-x86_64-debian-clang 1.7.1 6.77 59.50 66.27 OK
r-devel-linux-x86_64-debian-gcc 1.7.1 5.02 46.66 51.68 OK
r-devel-linux-x86_64-fedora-clang 1.7.1 81.36 NOTE
r-devel-linux-x86_64-fedora-gcc 1.7.1 71.75 OK
r-devel-windows-ix86+x86_64 1.7.1 13.00 81.00 94.00 OK
r-patched-linux-x86_64 1.7.1 5.04 55.42 60.46 OK
r-patched-solaris-x86 1.7.1 74.90 OK
r-release-linux-x86_64 1.7.1 5.87 56.25 62.12 OK
r-release-macos-x86_64 1.7.1 OK
r-release-windows-ix86+x86_64 1.7.1 10.00 101.00 111.00 OK
r-oldrel-macos-x86_64 1.7.1 OK
r-oldrel-windows-ix86+x86_64 1.7.1 8.00 96.00 104.00 OK

Check Details

Version: 1.7.1
Check: Rd cross-references
Result: NOTE
    Undeclared package ‘shiny’ in Rd xrefs
Flavor: r-devel-linux-x86_64-fedora-clang