Last updated on 2020-12-04 00:48:33 CET.
Flavor | Version | Tinstall | Tcheck | Ttotal | Status | Flags |
---|---|---|---|---|---|---|
r-devel-linux-x86_64-debian-clang | 0.3.2 | 9.62 | 107.90 | 117.52 | OK | |
r-devel-linux-x86_64-debian-gcc | 0.3.2 | 7.93 | 83.36 | 91.29 | OK | |
r-devel-linux-x86_64-fedora-clang | 0.3.2 | 142.07 | OK | |||
r-devel-linux-x86_64-fedora-gcc | 0.3.2 | 169.63 | OK | |||
r-devel-windows-ix86+x86_64 | 0.3.2 | 19.00 | 94.00 | 113.00 | OK | |
r-patched-linux-x86_64 | 0.3.2 | 9.03 | 102.05 | 111.08 | OK | |
r-patched-solaris-x86 | 0.3.2 | 186.70 | OK | |||
r-release-linux-x86_64 | 0.3.2 | 10.07 | 100.21 | 110.28 | OK | |
r-release-macos-x86_64 | 0.3.2 | OK | ||||
r-release-windows-ix86+x86_64 | 0.3.2 | 16.00 | 132.00 | 148.00 | OK | |
r-oldrel-macos-x86_64 | 0.3.2 | WARN | ||||
r-oldrel-windows-ix86+x86_64 | 0.3.2 | 14.00 | 124.00 | 138.00 | OK |
Version: 0.3.2
Check: for executable files
Result: WARN
Found the following executable file:
inst/external/env/bio14.bil
Source packages should not contain undeclared executable files.
See section ‘Package structure’ in the ‘Writing R Extensions’ manual.
Flavor: r-oldrel-macos-x86_64